46 - 586. Is i a composite number?
True
Let h(o) = -3 + 0 - 8*o + o**2 - 3. Is h(9) a composite number?
False
Let a(k) = 865*k. Is a(1) a prime number?
False
Let s(z) be the third derivative of 5*z**4/12 + z**3/2 + z**2. Let t be s(4). Suppose t = 4*x - 49. Is x prime?
True
Suppose r + 0*r - 29 = 0. Is 3*(1 + 0)*r composite?
True
Let u(n) = 299*n + 14. Is u(9) a prime number?
False
Let g(a) be the second derivative of a**5/20 + 7*a**4/12 + 7*a**3/6 + 3*a**2/2 + a. Let r be g(-5). Suppose -b + 19 = -r. Is b prime?
True
Let u = 346 + -85. Let r = -134 + u. Is r a prime number?
True
Suppose -2*f + 727 = -807. Is f a composite number?
True
Let c be (-1 - -2)/(1/(-2)). Let x be ((-1)/(-3))/(c/(-24)). Is 1 + (x - 0) + -2 a composite number?
False
Let b(h) be the first derivative of h**4/12 - 2*h**3/3 + 5*h**2/2 - 2*h - 2. Let m(g) be the first derivative of b(g). Is m(-4) composite?
False
Suppose 0 = -2*o - 0*o - 2. Is (1*o)/(4/(-1676)) composite?
False
Suppose 0 = -5*q + 7603 + 12112. Is q composite?
False
Suppose -6*w + w = -h + 22, 5*h = 5*w + 30. Suppose -h*z = -52 - 16. Is z a prime number?
False
Let i = -7 - -9. Suppose 0 = -i*t - 14 + 34. Is t composite?
True
Suppose b + v - 680 = -0*v, -4*b = 2*v - 2718. Is b prime?
False
Suppose -1157 = -d - d + 3*v, 0 = -3*v - 15. Is d composite?
False
Let a be (116/6)/(2/6). Let f = -21 + a. Is f a prime number?
True
Suppose -3*c + 0*c = 3. Let r = c + 4. Is r composite?
False
Suppose -3*h + 4*i + 757 = 0, 3*h - 399 = i + 373. Is h composite?
True
Let m be (27 - -6)*(-1 - -4). Let q = 4 + 48. Let j = m - q. Is j prime?
True
Let f(a) be the third derivative of -a**6/120 + 2*a**5/15 + a**4/8 + a**3/6 + 3*a**2. Is f(6) a composite number?
True
Suppose -4*f + 251 + 481 = 0. Is f a prime number?
False
Suppose -4*j + 15 = 3. Suppose s + j*s = 188. Is s composite?
False
Suppose 0 = -4*h + m + 90, -5*m = 4*h - 0*m - 102. Is h a composite number?
False
Suppose 3*l = -l + 40. Suppose -4*x - x = -l. Is (1 - -1) + x + 75 composite?
False
Suppose 7*h - 2*h = 35. Is h a prime number?
True
Is ((-4)/3)/((-16)/1608) a composite number?
True
Let m be (8/(-6))/(2*(-2)/30). Let z be (-34)/6 - 4/(-6). Let k = m - z. Is k a composite number?
True
Suppose -4*j + b = 12, -5*j - 5*b + 12 - 2 = 0. Let p be 1*8*(-1)/j. Suppose -p*w + v + 78 = 0, -2*w + 44 - 8 = v. Is w a prime number?
True
Let n = 913 + -606. Is n composite?
False
Let g = 603 - -76. Is g a prime number?
False
Let r(u) = -203*u**3 - u - 1. Let z be r(-1). Let x = -84 + z. Is x a prime number?
False
Suppose 224 = q - 5*q. Let t be 1895/(-20) - 3/12. Let l = q - t. Is l composite?
True
Suppose 3*p + 5*j - 221 = 0, -7*j + 3*j + 300 = 4*p. Let d(c) = 15*c + 14. Let g be d(-4). Let z = g + p. Is z prime?
True
Suppose 4*k + 26 = -3*b + 5, 4*k + 2*b = -22. Is (3 + -5)*261/k a composite number?
True
Let y = 26 + -23. Suppose -o + 3*o = 716. Suppose 4*t = p + o, -y*t - 4*p = -5*t + 186. Is t prime?
True
Let q(b) = b**3 + 12*b**2 + 7*b + 5. Suppose -15 = -4*a - 3. Suppose 0 = -3*c + a*d - d - 34, 5*c + 50 = 2*d. Is q(c) a composite number?
True
Let h(s) = -s**2 + 9. Let f be h(9). Let o = 47 + f. Let k = o - -56. Is k a composite number?
False
Suppose -p + 0*p - 30 = 0. Let b = p - -193. Is b composite?
False
Let q = 10 + -3. Let f(r) = -r**2 + 7*r + 2. Let k be f(q). Suppose -4*j = a - 19, k*a = 5*j - 0*j + 12. Is a composite?
False
Let j(h) = h**3 + 5*h**2 - 11*h + 3. Is j(-6) a composite number?
True
Let l(x) = 2*x - 7. Let h be l(5). Suppose 5*i = 3*s - 550, -2*s + h*i = s - 552. Is s prime?
False
Let t(v) = -198*v + 5. Let n = 14 + -18. Is t(n) composite?
False
Let q(j) = -j**2 - j. Let m be q(-1). Suppose 5*t = -5 - m. Is 33/6*(3 - t) a composite number?
True
Suppose -4*v = 2*g - 302, 5*g - 42 = -2*v + 121. Let b = 87 + v. Is b a prime number?
False
Suppose 4*b - 27 = -3. Suppose -5*g + b*g = 211. Is g composite?
False
Suppose 0 = 2*g - 0 - 6, -2*d - 223 = -5*g. Let h = 153 + d. Suppose h = n - 40. Is n prime?
True
Let h(z) = z**2 + 5*z + 2. Let j be h(-5). Suppose 3*s - j*s = 209. Is s prime?
False
Suppose 4*h = 5*h + 391. Is 0 - (4 + -2 + h) a prime number?
True
Is (-2)/(1407/(-2097) - 2/(-3)) prime?
False
Suppose 0 = -3*h + 297 + 210. Suppose 2*k = 2*t - t + 175, 2*k - 3*t - h = 0. Is k composite?
False
Suppose -4 - 32 = -4*v. Let a = v + 12. Is a a composite number?
True
Let w(t) = t**3 - 2*t**2 - t + 2. Suppose f + 2*f = 9. Let r be w(f). Is (-1143)/(-12) - 2/r prime?
False
Suppose 0 = -5*p - 4*z - 2, 2*p + 0*p - 13 = 3*z. Let v be (-163)/(-4) - 2/(-8). Suppose -p*a + v = -5. Is a a composite number?
False
Let t(v) be the second derivative of v**3/2 + v**2 - 2*v. Let u be t(2). Let b = 2 + u. Is b composite?
True
Suppose 1073 = 5*n - 2132. Is n composite?
False
Suppose -1029 = -5*a + 4*p, 5*a - 1023 = -3*p + p. Is a composite?
True
Suppose -186 = -3*p - 3*p. Is p prime?
True
Suppose -o = -3*o + 20. Let q be (-6)/15 - (-744)/o. Suppose -2*s + 3*f + q = 0, 0 = 4*s - 2*s + 4*f - 46. Is s a composite number?
False
Suppose 4*o - 306 = -5*f + 13, -347 = -5*f + 3*o. Let b = f - 48. Is b prime?
True
Suppose -2*s - 5*h + 470 = 0, 3*h = -5*s + 7*h + 1208. Suppose s = 5*r - 5. Is r a composite number?
True
Let d(c) = 26*c**3 - c**2 + c - 2. Let f(p) = 13*p**3 + p - 1. Let s(x) = -3*d(x) + 5*f(x). Is s(-2) a prime number?
True
Suppose 4*w = 2*x + x + 587, 3*w + 930 = -5*x. Let i = x + 272. Is i a prime number?
True
Let o be (6 - 7)*(-3 - 0). Let s = o + 2. Suppose 2*w - 188 = -5*v, s*w + 2*v = -134 + 583. Is w a prime number?
True
Suppose 0 = -w - 2*m - 110, -2*w - 38 - 180 = 3*m. Let a = w - 153. Let o = a - -422. Is o composite?
False
Suppose 5*b + 6*r = 2*r + 1955, 5*b - 2*r - 1985 = 0. Is b prime?
False
Let y(d) = d + 251. Let l(u) = -u**2 - u - 2. Let a be l(-2). Let q(r) = -r**2 - 5*r - 4. Let x be q(a). Is y(x) a prime number?
True
Is (2/(-9) - 245854/(-126)) + -2 composite?
False
Suppose p = 3*j - 5*j + 114, 2*p = 3*j - 178. Is j a prime number?
False
Let d(w) be the third derivative of -w**7/280 - w**6/240 + w**5/60 - 2*w**2. Let s(t) be the third derivative of d(t). Is s(-4) composite?
True
Suppose -2*u = -8*c + 4*c + 4842, -4*u = -c + 1193. Is c a prime number?
True
Let f be (-3 + 1)*250/(-4). Let j = 20 + f. Is j composite?
True
Let o be -4 - 6*-80*1. Let v = o + -57. Is v prime?
True
Let w(a) = 6*a**2 - 2*a - 3. Suppose -2*j - 3 = -7. Let y = -5 + j. Is w(y) a prime number?
False
Let f(v) = -v - 61. Let a be f(0). Suppose 162 = -x + q, x + 185 = -4*q + 43. Let n = a - x. Is n composite?
False
Suppose 0 = -2*n + 7*n - 815. Is n a prime number?
True
Suppose -4*b = -3*x + 28, -x = 2*b + 5 - 1. Suppose -5*w - 10 + 0 = 2*f, x*w - f + 8 = 0. Let l(o) = o**3 + 4*o**2 - o - 1. Is l(w) a composite number?
True
Suppose w = -3*w + 6244. Is w composite?
True
Suppose b + 5*d = -21, -b = -d + 35 - 2. Let q(a) = -a**2 - 2*a - 2. Let o be q(-4). Let f = o - b. Is f composite?
True
Let r(w) = 6*w**2 - 3*w - 8. Is r(-5) prime?
True
Let a = -1914 + 3243. Is a prime?
False
Suppose -5*n + 236 = 576. Let t = 189 + n. Is t a composite number?
True
Is 2315 + 1 - (3 - (3 - -1)) composite?
True
Suppose u + h - 508 = 6*h, 0 = -5*u - 5*h + 2630. Is u a composite number?
False
Suppose -d = 2*j, -5*j + d - 2 = 4*d. Suppose -5*b - 234 = -j*w, -7*b + 143 = w - 3*b. Is w composite?
False
Let s(r) = r**3 + 5*r - 2. Suppose -4*c + 3*q + 25 = 0, 4*c - q - 4*q = 31. Let g be s(c). Suppose 0 = -3*d + 23 + g. Is d composite?
True
Suppose -6*r = -r + 50. Is ((-12)/r)/((-8)/(-100)) a prime number?
False
Suppose -670 = 4*t + 98. Let x = -77 - t. Suppose -5*d = -7*u + 2*u - x, 5*d - 115 = 2*u. Is d a composite number?
False
Suppose -2 = 4*m + d + 1, 0 = -2*m + 2*d - 4. Is (m - 3/(-6))*-74 a composite number?
False
Let n(y) = -y + 1217. Is n(0) a prime number?
True
Is 2/17 - (-5400)/51 prime?
False
Let w = -11 - -94. Is w a composite number?
False
Let h(k) = -48*k - 25. Is h(-6) a composite number?
False
Suppose 2*s - l + 15 = -2, -2*s + 2*l - 20 = 0. Let p = 13 + s. Suppose p*f - 220 = 2*f. Is f prime?
False
Let k(r) = r**2 - 2*r + 7. Let i = 6 + -4. Suppose 3*c - 6*c + 5*t + 13 = 0, -t - 11 = -i*c. Is k(c) composite?
False
Let x(u) = u**3 - 6*u**2 - 11*u + 4. Let c be x(8). Suppose c + 83 = y. Is y a